63*-6)/2?
9
Let b be ((-19)/(-2))/(2/(-4)). Let p = b - -21. Suppose 0 = -p*m - 1 + 13. What is the units digit of m?
6
What is the units digit of (4 - 7) + (-4 - -1389 - 8)?
4
Suppose 3 = 6*a - 15. Suppose c = -a*q + 14 + 46, -5*q = -4*c + 274. What is the tens digit of c?
6
Let o(r) = -r**2 - r + 1. Let b be -5 + 2 + -1 + 2. Let a be o(b). Let t = 5 - a. What is the units digit of t?
6
Suppose 0*o = -2*o + 168. Let z be 4/(-3)*o/(-8). Suppose 2*s = 3*s - z. What is the units digit of s?
4
Let q(m) = 2*m**3 + 15*m + 2*m**2 + 8*m**2 + 11*m**2 - m**3. What is the hundreds digit of q(-20)?
1
Let s(k) = -49*k - 287. What is the thousands digit of s(-34)?
1
What is the units digit of (-136544)/16*(-1)/2?
7
Let l(v) = 3*v - 1. Let y be l(1). Suppose 5*k = k + 28. What is the units digit of ((-2)/y)/(k/(-14))?
2
Let c = 826 - 469. What is the tens digit of c?
5
Suppose n + 74 = -168. Let a = n - -390. Suppose 5*h + 64 = j - 0*h, -4*h - a = -3*j. What is the units digit of j?
4
Let k = 995 + -485. What is the units digit of k?
0
Let y(j) = -26*j + 8. Let x be y(-2). Let q = x - 43. What is the units digit of q?
7
Let d(h) = h**2 + 11*h + 11. What is the hundreds digit of d(14)?
3
Let i = 105 - 148. Let z = 126 + i. What is the units digit of z?
3
Let z be (-9)/(27/(-12)) - -2. Suppose z = 6*g - 12. Suppose g*n = -4*q - n + 52, 5*n = -20. What is the tens digit of q?
1
Suppose 39 = -2*c - c. Let n = c - -18. Suppose 4*q = n + 19. What is the units digit of q?
6
Suppose 3*n - 10 = 8. Suppose -7*f + n*f + 4 = 0. What is the units digit of 38 - f/((-4)/(-3))?
5
What is the tens digit of 10512/84*(-7)/(-2)?
3
Let s(q) = -q**3 + 10*q**2 + 3*q + 33. What is the tens digit of s(7)?
0
Suppose 2*z - 18 = -7*z. What is the tens digit of (5 - (2 - -4))/(z/(-394))?
9
Let p = -3 - -8. Suppose -3*k = 4*l - 16, 2*l - 24 = -2*l - 5*k. What is the units digit of (-5)/l*(-6)/p?
6
Suppose -5*h + 8*h = 633. Suppose 3*i = h + 26. What is the tens digit of i?
7
Suppose -5*b + 832 = -4*b - w, 3303 = 4*b + w. What is the tens digit of b?
2
Suppose 5424 = -3*h + h. What is the units digit of h/(-54) + 1*6/(-27)?
0
Suppose 75*q - 88*q = -28977. What is the units digit of q?
9
Let n = 4031 - 2159. What is the hundreds digit of n?
8
Let w = -341 - -681. What is the units digit of w?
0
Let x = 2106 - 449. What is the units digit of x?
7
Let a = 1221 - 553. What is the hundreds digit of a?
6
Let f = 929 + -639. Suppose 0 = -5*i + 5*y + f, 2*i + 3*y + 0*y = 106. Let u = i - 21. What is the units digit of u?
5
Let g = -25 + 15. Let z = -6 - g. Suppose r = 6*r, -5*a + z*r = -90. What is the tens digit of a?
1
Suppose 2*s - 3*s = -599. What is the hundreds digit of s?
5
Let h(o) = -o - 1. Let a be h(-5). Suppose -3*l - 8 = l + 4*f, -l - a*f - 14 = 0. Suppose -6*t = -l*t - 76. What is the units digit of t?
9
Suppose -18969 + 2497 = -29*s. What is the units digit of s?
8
Let h(m) = 32*m**2 - 3*m - 1. Let f be h(-1). Let o be f*(3 - -2) - -1. Suppose -3*i - i - c + o = 0, -3*c = -9. What is the units digit of i?
2
Let j = -14 + 16. Suppose 0*w = -3*w + j*i + 93, 0 = -w + 5*i + 44. What is the units digit of w?
9
Let z be 4/(-18) + 94/18. Let n = z + -8. What is the units digit of (-210)/(-9) + 1/n?
3
Let a = -21 + 31. Suppose 2*b = 7*b - a. Suppose 0 = 3*g - 4*k - b - 32, 5*g - 3*k = 53. What is the units digit of g?
0
Let w = -74 + 1541. What is the tens digit of w?
6
Let j(k) = 13*k**3 - 3*k + 2. Let t be j(2). What is the tens digit of (t/(-12) - 5)/(1/(-3))?
4
Suppose -518 = -7*b + 3*b + k, -5*b - 3*k = -639. What is the tens digit of b?
2
Let r(y) = 10*y + 1 - 1 + y**3 + 3*y**2 - 5 + 7*y**2. Let i be ((-6)/(-4))/(3/(-16)). What is the tens digit of r(i)?
4
Let o(i) = 32*i**2 - 2*i + 1. Let j be o(-2). Let r = j + -92. What is the tens digit of r?
4
Let u be (-195)/(-27) - 2/9. What is the units digit of 0 + -3 - (-322)/u?
3
Suppose -6 = v + 5*g, 2*v + 2*v - 5*g - 26 = 0. Suppose 3*x - 259 = -2*p, v*x - 463 = -4*p + 9*x. What is the hundreds digit of p?
1
Let s(v) be the third derivative of v**6/120 - v**5/60 - 3*v**4/8 + 13*v**3/6 + 18*v**2. What is the tens digit of s(6)?
3
Suppose 0*a = -3*b - a + 119, 0 = 5*b + 5*a - 205. Let s = 55 - b. What is the units digit of s?
6
What is the tens digit of (-45)/(-27) + 2840/24?
2
What is the units digit of (-11 - 13038/(-12))*2?
1
Let s(h) = -128*h**3 + 2*h**2 - 4*h - 5. What is the thousands digit of s(-2)?
1
Let i(h) = h**3 + 6*h**2 - 2*h + 6. Let p be i(-6). Let v = -1 - 5. Let x = v + p. What is the units digit of x?
2
Let t = 1029 + -719. What is the units digit of t?
0
Suppose -8*z = -14 - 530. Let y = -55 + z. What is the tens digit of y?
1
Let t(g) = g**3 - 7*g + 14. Let p = -145 + 152. What is the tens digit of t(p)?
0
Let s(t) = 1 - 50*t + 45*t - 8. What is the tens digit of s(-5)?
1
Let u(c) = -1347*c + 249. What is the units digit of u(-2)?
3
Let h be (-27*(-8)/(-84))/(1/7). What is the units digit of (14/3)/((-12)/h)?
7
Suppose -31653 = -27*h - 3735. What is the units digit of h?
4
Let h = 191 - -201. What is the tens digit of h?
9
Suppose z - 2*z + 2 = 0. Suppose -2*p - 240 = 4*p. What is the units digit of ((-848)/p)/(z/5)?
3
Let m = 3538 - 2001. What is the hundreds digit of m?
5
Suppose -790 = -5*b - g, 2*g + 316 = 2*b - 0*g. Suppose -674 = -16*t + b. What is the tens digit of t?
5
Let u = -14 - -28. Suppose -9*g + 135 = -u*g. Let o = g + 64. What is the units digit of o?
7
Let m = -3 + -1. Let s be m/(-2) + (-1)/(-1). Suppose 3*n = 18 - s. What is the units digit of n?
5
What is the units digit of ((-82962)/24)/(27/(-36))?
9
Let a be (-87)/(-1)*1*(-4 - -3). Let h = a + 131. What is the units digit of h?
4
Let a(o) = o**3 + 13*o**2 + 11*o + 197. What is the units digit of a(-10)?
7
Let t be 0 + 1 - (5 - 4). Suppose t = 5*g - 3*g + 2. What is the units digit of (-1)/(g/(-1) + -2)?
1
Let l(o) = -o**3 - 6*o**2 + 14*o - 14. Let p be l(-8). Suppose -296 = -p*v - n + 6*n, 4*v - 602 = 5*n. What is the units digit of v?
3
What is the hundreds digit of -9 + (-3472)/(-2 - 0)?
7
Let i = -185 - -264. What is the tens digit of i?
7
Let b = 19 - 14. Let p = 35 - -55. Suppose -3*k - b*f = -p - 23, -5*f = k - 31. What is the tens digit of k?
4
Let b(l) = 35*l**2 - 16*l**2 - 3*l + l. Let d be b(2). Suppose -u + d = 2*u. What is the units digit of u?
4
Suppose -11 - 6 = -s. Let z = -39 + s. What is the tens digit of z*(-3 - (-5)/2)?
1
Let j(h) = 464*h**3 + h. Let f be j(-1). Let t = f - -671. What is the tens digit of t?
0
Let p = -10 + 16. Let f(b) = -b**2 + 12*b - 3. What is the tens digit of f(p)?
3
Suppose -12*a = -17*a - 45. Let c(d) = d**3 + 9*d**2 + 6*d - 7. Let g be c(a). What is the tens digit of 1/(((-2)/g)/2)?
6
Suppose 0 = t - 3*t + 232. Suppose -2*p = -p - t. Suppose 3*h = -h + p. What is the units digit of h?
9
Let y(a) be the third derivative of -a**5/60 - 17*a**4/24 - a**3/3 + 22*a**2. What is the tens digit of y(-12)?
5
Let w(f) = -2*f**2 + 124*f - 54. What is the tens digit of w(43)?
8
What is the tens digit of (-9)/(54/(-3136)) - 8/(-24)?
2
Let o = -397 - -453. What is the tens digit of o?
5
Suppose 225 = 5*b - 190. Let y = b - 19. What is the units digit of y?
4
Let t be ((-33)/(0 - 3))/1. Suppose -3*f + 4*o - 3*o = -23, -f + o = -t. What is the units digit of f?
6
Suppose 4*p = 5*t - 23, -2*p = -p + 2. Let l(j) = 72*j - 4. What is the units digit of l(t)?
2
Suppose -5*x + 3*k - 3 = 0, 0 = 5*x - 2*k + 3 - 1. What is the units digit of (x - (-3)/9) + (-116)/(-3)?
9
Let k(m) = m**2 - m - 1. Let p be k(-4). Suppose -p*y - 84 = -20*y. Suppose -q - 2*q = -y. What is the tens digit of q?
2
Let z(i) = -i**2 + 5*i + 2. Let q be z(5). Suppose g - 183 = -q*g. Let x = g - 37. What is the tens digit of x?
2
Suppose 2*c - 2*g - 14 = 0, -3*g + 2*g = 5*c - 47. Suppose 0 = 11*x - c*x - 216. What is the hundreds digit of x?
1
Let d = 575 + -395. What is the hundreds digit of d?
1
What is the tens digit of (1 - -473) + (-6 + 5)*5?
6
Let b(w) = -13*w**2 + 6*w. Let r be b(4). Let t = 331 + r. What is the units digit of t?
7
Let a = 551 + -144. What is the hundreds digit of a?
4
Let n(t) = -t**3 + 18*t**2 - 17*t + 2. Let o be n(17). What is the hundreds digit of 157 - ((-2)/o + 1)?
1
Suppose q + q = -3*l - 4, 3*l - 3*q + 9 = 0. What is t